of o(-2)?
8
Let d(c) = 13451*c**2 - 37*c + 81. What is the hundreds digit of d(2)?
8
Suppose 6*z + 14 = -z. Let u(i) = i - 1. Let g(c) = -5*c. Let r(t) = -g(t) - 6*u(t). What is the units digit of r(z)?
8
What is the ten thousands digit of ((-2997630)/513)/((-6)/63)?
6
Let d = -5659 - -10914. What is the tens digit of d?
5
Let w = -37 + 2. Let m be w/(-20) + 2/8. Suppose 0 = -z, 246 = m*p - z - z. What is the tens digit of p?
2
Let l(y) = 61*y**3 - 5*y**2 + 10*y + 15. What is the units digit of l(5)?
5
Suppose -15 = -4*r - 7, 5*r - 110086 = -3*q. What is the units digit of q?
2
What is the units digit of (-230097)/(-18) - -8 - ((-46)/12 + 3)?
2
Let v(p) = 6*p**2 - 167*p + 4094. What is the hundreds digit of v(36)?
8
Let y(k) = -k**3 - 15*k**2 + 12*k + 34. What is the units digit of y(-26)?
8
Let w(t) = 869*t + 2427. What is the thousands digit of w(20)?
9
What is the units digit of (-37786294)/(-819) + 2/4*2/(-9)?
7
Let s be ((-2)/5)/(((-3)/(-5))/(-3)). Suppose 2*x = -4*c + 438, -x = -s*x - 3*c + 217. What is the hundreds digit of x?
2
Let c(z) = z**2 - 18*z - 112. Let p be c(-5). Suppose 5*s - 939 = -3*f, -2*s + 3*f = -p*s + 195. What is the units digit of s?
6
Suppose 5*h - 1509 = n - 5*n, -2*n = -h + 313. Suppose -x + h = -886. What is the units digit of x?
1
Let j be (-175)/105*6/(-5). Let h(l) = -l**3 + 3*l**2 - 3*l + 2. Let r be h(2). Suppose 0 = f, -j*n + r*n + 3*f = -194. What is the units digit of n?
7
Let s(h) = 3666*h. Let b = 70 + -69. Let q be s(b). What is the tens digit of (-1 - 10/(-8)) + q/24?
5
Suppose 5*i = -25, 49*i + 3 = u + 51*i. Let f(h) be the second derivative of 19*h**3/6 - 25*h**2 - 2*h. What is the units digit of f(u)?
7
Suppose 10 = 2*k + 492. Let q = k - -597. Suppose j = -3*j + q. What is the tens digit of j?
8
Suppose -2*p - 55620 = -4*a, 2*p = 229*a - 224*a - 69528. What is the thousands digit of a?
3
What is the tens digit of 36/(-198) - 740677/(-77)?
1
Let b = -36 + 50. Let o = b + -43. What is the units digit of (-1)/(((-4)/(-4))/o)?
9
Let m(v) = 52*v**2 - 8*v + 9. Let l be 26/(-5) + 37/185. What is the thousands digit of m(l)?
1
Suppose -125 = 3*u + 4*n, -5*u + n - 23 - 193 = 0. Let a = 841 - u. What is the tens digit of a?
8
Let m be ((-2)/(-6))/((-21)/504). Let h be ((-9)/(-3) - 27)/(6/m). What is the tens digit of (-64)/3*(h - 38)?
2
Let b = 133496 + -87931. What is the thousands digit of b?
5
Let b = -440 + 442. Suppose 2*h - 3*m + 1345 = 4*h, 3*h - 2020 = -b*m. What is the hundreds digit of h?
6
Suppose 34*i - 41524 = 8252. Let j = 2629 - i. What is the tens digit of j?
6
Let o(y) = 36*y + 2. Let l be o(8). Let k = -72 + l. Suppose -83 = 3*x - k. What is the units digit of x?
5
What is the tens digit of -5*54/(-990) + (-10)/(-11)*4469?
6
Let h(o) = 1. Let f(k) = 3*k + 207. Let s(i) = f(i) + 9*h(i). What is the tens digit of s(-29)?
2
Let n(a) = 1554*a + 535. What is the thousands digit of n(11)?
7
Let o = -1765 + 2621. Let g = o + -455. What is the units digit of g?
1
Suppose 3*n - 36 = 3*c, 3*c - 33 = -4*n + 15. Suppose -n*k = -11*k - 1353. What is the tens digit of k?
5
Let x = -1013 + 1293. What is the units digit of x?
0
Let p(d) = 76*d**3 - 7*d**2 - 16*d + 64. What is the units digit of p(4)?
2
Let r = 78253 - 26709. What is the units digit of r?
4
Let q = -12 + 34. Suppose z - 570 - q = -4*x, 4*z = -5*x + 2346. What is the tens digit of z?
8
Suppose 3*r = 4*o - 195, -4*o + 2*r = -103 - 91. Suppose 0*m - 2*c = m + o, -m + 4*c = 18. Let w = -37 - m. What is the units digit of w?
1
Suppose 0 = -2*o - 3 + 17. Let w(v) be the first derivative of -v**4/4 + 5*v**3/3 + 13*v**2/2 + 17*v + 5. What is the units digit of w(o)?
0
Let a(b) = 137*b - 271. Let q be a(-9). Let w = 2283 + q. What is the tens digit of w?
7
Suppose 10*r - 89390 = -40809 + 146349. What is the tens digit of r?
9
Let b(p) = -18827*p + 4816. What is the ten thousands digit of b(-2)?
4
Suppose 768*s + 146864 = 741*s + 555050. What is the hundreds digit of s?
1
Suppose -4*h = -7*h - 9. Let x(f) = f**3 + 4*f**2 + f - 4. Let o be x(h). Suppose -7 = -o*j + 11. What is the units digit of j?
9
What is the ten thousands digit of ((-174470)/1095)/((-2)/171)?
1
Let m(a) = a + 25. Suppose v = 2*v + 18. Let y be m(v). Suppose -y = -g + 8. What is the tens digit of g?
1
Let s(g) = 33796*g**3 + 2*g**2 - 158*g + 156. What is the units digit of s(1)?
6
Let q(h) = -12*h + 77. Let u(i) = -2*i - 24. Let d be u(-6). What is the hundreds digit of q(d)?
2
Let t = 30797 + -13679. What is the hundreds digit of t?
1
What is the tens digit of (0 - -7) + (-13185)/((-26)/26)?
9
Let c(k) be the third derivative of k**5/30 + k**4/4 - 3*k**3 - 28*k**2 + 3*k. What is the units digit of c(-18)?
2
What is the thousands digit of (-617136)/(-260) - 4/(-10)?
2
Let k(d) = -d**3 - 4*d**2 + 13*d + 8. Let n be k(-5). Let h be (-6 + 1)/(-5) - n. Suppose h + 69 = 2*y. What is the tens digit of y?
5
Let q = 101 + -98. Suppose 0 = -30*x + 29*x + q. Suppose x*k + 5*h - 495 = 0, 3*k + 24 - 537 = h. What is the hundreds digit of k?
1
Let v be ((-85)/10)/((-14)/56). Suppose v*b - 24432 = 20380. What is the tens digit of b?
1
Suppose 0 = 3*b - u - 9, -3*u = -5*b + 5 + 6. Suppose -20 = b*j - 0*j, 2*r = j + 15. Suppose 244 = 3*d - r*z, -z = 3*d - 6*d + 248. What is the tens digit of d?
8
Let x = 1627 + -745. Let r = x - 528. What is the units digit of r?
4
Let g be 2852 + (-1 - -2)*-4. Suppose 10*v - 1812 = g. What is the tens digit of v?
6
Suppose 3*o + 5093 + 3397 = m, -2*o + 33946 = 4*m. What is the tens digit of m?
8
Let l be 438/30 - 6/10. Suppose -5*k = -l*k + 999. What is the hundreds digit of k?
1
Let k(o) be the second derivative of 185*o**3/3 - 7*o**2 + 14*o. Let v be k(4). Suppose -302 = -8*m + v. What is the tens digit of m?
2
Let n = -92 + 55. Let r = 36 + n. What is the hundreds digit of (-501)/6*(-1 + 0 + r)?
1
Suppose w + 32*p - 8586 = 36*p, 0 = 3*w - 3*p - 25776. What is the units digit of w?
4
Let f = -1 - -4. Let r = 2569 - 2442. Suppose f*n + 5*a - 253 = 0, 4*n = 2*n + 5*a + r. What is the tens digit of n?
7
Let i(z) = 75*z - 93. Let h be i(41). Let d = h + -1696. What is the thousands digit of d?
1
Let o = 50 + 51. Suppose -n + 784 - o = 0. What is the hundreds digit of n?
6
Let z = -58489 + 89063. What is the thousands digit of z?
0
Let o = 112 + -190. Let m be (o/26)/(1/(-401)). Suppose 9*d - m = 840. What is the tens digit of d?
2
Let g(p) = p**2 - 6*p - 10. Let b be g(7). Let m be (-1 - 1/(b/(-3)))*-2. What is the units digit of 1*(m + 24/4)?
0
Suppose 2 = 3*m - 5*m, -3*m + 36392 = 5*w. What is the thousands digit of w?
7
Let v = -304 - -306. Suppose -851 = -v*b - 111. What is the tens digit of b?
7
Suppose -2*t - 24 = -6*t. What is the tens digit of 9/t + ((-2031)/(-6) - 5)?
3
Suppose 5*l + 2*m - 62179 - 170950 = 0, -2*l + 4*m = -93266. What is the ten thousands digit of l?
4
Let l(x) be the first derivative of 11*x**4/4 - x**3/2 + 2*x**2 - 16*x + 14. Let g(j) be the first derivative of l(j). What is the tens digit of g(2)?
3
Suppose 0 = d + 32*t - 30*t - 1318, 0 = -d - 3*t + 1324. What is the thousands digit of d?
1
Suppose -2*p - 9*t + 5*t + 36 = 0, 2*p - 5*t + 9 = 0. What is the tens digit of (-84)/63*(-1506)/p?
5
Let h = -84 + 87. Suppose -a + 0*l = 5*l - 33, h*a - 14 = 2*l. What is the units digit of ((-6)/a)/(2/(-8))?
3
Let m be 3 + -2 + 0 + 1. Suppose 4*o = 3*c - 6, 8 = 5*o + 3*c + c. Suppose o = m*u - 35 - 85. What is the units digit of u?
0
What is the units digit of 27996/(-39)*(-1534)/236?
6
Suppose 3*w + 2*z - 9 = -0*w, -4*w = z - 12. Let d be (w + -1 + -1)/(2/10). Let b(h) = h**2 - h - 17. What is the units digit of b(d)?
3
Let j = -35 + 27. Let f = j - -8. What is the units digit of 0 - (4 - (f - -27))?
3
Let s(h) = h**2 - 22*h + 99. Let l be s(17). Let t(u) = 4*u**2 - 2*u - 34. What is the tens digit of t(l)?
2
Suppose -3*i - 2*h + 1271 = 0, -3*i + 2*h + 1896 - 617 = 0. Suppose 0 = 5*p - i + 40. What is the units digit of p?
7
Let y be 3/(-9) + 35/15. What is the tens digit of (0 - (-4)/6)/(y/2610)?
7
Suppose 2*z = 2*h - 40, 5*h - 5*z = -7*z + 65. Suppose -2*d + 5*d - h = 0, -1053 = -2*i - 5*d. What is the units digit of i?
4
Suppose -1377*a + 1372*a + 77133 = 4*p, -3*p + 4*a + 57873 = 0. What is the hundreds digit of p?
2
Let b be (-8)/(-32)